 = r. What is the remainder when r is divided by i?
12
Let b(n) = n**2 - 8*n + 5. Let h be b(6). Let l = 14 - h. Suppose -l = 18*u - 19*u. Calculate the remainder when 40 is divided by u.
19
Let o = -327 - -329. Suppose -42 = -o*v - 2*j, 5*j = 6*j - 3. What is the remainder when 107 is divided by v?
17
Calculate the remainder when 223 is divided by ((-13)/(572/(-33)))/((-3)/248*-2).
6
Let h(r) = -5*r + 25*r - 3*r**2 + 14 - r**3 - 10*r. Let n be h(-4). Let t(q) = -13*q - 20. What is the remainder when t(n) is divided by 20?
10
Let a(t) = t**2 + 6*t - 115. Let p be a(8). What is the remainder when 1*p/(-9)*6096/8 is divided by 125?
4
Suppose 0 = -3*p - 5*h + 17, -4*h + 18 + 1 = -3*p. What is the remainder when 10/15*(-21)/(-2) is divided by -4*p*(-1)/(-1)?
3
Suppose -2*y = -4*t - 4, -15*y + 3*t = -14*y - 3. Suppose y = -2*m + d + 14 + 85, 2*d = 2. Calculate the remainder when 197 is divided by m.
47
Suppose 4*y + y - 10 = 0. Let j(t) = t + 14*t**2 + 6*t**y - 8*t**2. What is the remainder when j(2) is divided by 17?
16
Let n be (-57 + 4 - -4) + -2*1. Calculate the remainder when n/(122/64 - 2) is divided by 39.
37
Suppose 0*i = 2*i - 118. What is the remainder when i is divided by (-34)/(-3)*(-3)/(-2)?
8
Let o(j) = 33*j + 31 + 2*j**2 - 30 + 0*j - 4*j**2. Calculate the remainder when 2/(-7) + (-1418)/(-14) is divided by o(16).
16
Let c(n) = n**2 + 8*n + 11. Let i be c(-6). What is the remainder when ((-1230)/12*2)/i is divided by 16?
13
Suppose -5*p + 1692 = -0*p + 3*o, 0 = -2*o + 8. Suppose 0 = 4*s + p - 96. Let v = -35 - s. Calculate the remainder when 49 is divided by v.
24
What is the remainder when 678 is divided by (6 - 124/8)/((-4)/56)?
13
Let r = -197 + 199. Let n(z) = z**2 - 8*z + 14. What is the remainder when 9 is divided by n(r)?
1
Let o be (864/720)/(1/(185*1)). Let p = 258 - o. Let u(j) = -4*j - 3. Calculate the remainder when p is divided by u(-4).
10
Suppose 0 = -3*p - 2*i + 11, 0*p + 12 = 4*p + 2*i. Suppose 23*s + 41 = 24*s. What is the remainder when (163 - -1) + p*(3 + -4) is divided by s?
40
Let z = 28 + 2. Suppose -11*t = -17*t + z. Calculate the remainder when 14 is divided by t.
4
Let d = 2 + 21. What is the remainder when 180*(11/176*8)/1 is divided by d?
21
Let k(y) = -y**3 - 21*y**2 + 44*y - 25. Let n be k(-23). What is the remainder when 101 is divided by (-6)/27*n*-6?
17
What is the remainder when ((57246/(-63))/58)/((-28)/27 + 1) is divided by 153?
117
Suppose 29*f - 4661 + 2023 = 2901. What is the remainder when 393 is divided by f?
11
Suppose -18 - 94 = -4*x. Suppose 62 + 328 = 5*i. Let s = i - 72. Calculate the remainder when x is divided by s.
4
Suppose -90 - 957 = -6*d - 3*y, 0 = -d + 5*y + 169. Calculate the remainder when 333 is divided by d.
159
Let z = 1706 - 1640. What is the remainder when 215 is divided by z?
17
Let v(r) = r**2 + 2. Let j be v(0). Let u = j - -1. Suppose u*z - 2*l - 16 - 43 = 0, -27 = -z - 3*l. What is the remainder when 103 is divided by z?
19
Let g = 18575 - 18564. What is the remainder when 108 is divided by g?
9
Let l(r) = -6*r - 32. Let c be l(-5). What is the remainder when 71 is divided by ((15/(-12))/(-1))/(c/(-40))?
21
Let s(z) = 11*z**2 - 10*z - 19. Let i be s(-3). Suppose -9*n = -i + 938. Calculate the remainder when (-1 - n/6)/(19/57) is divided by 12.
7
Suppose 24*i - 81 = 21*i. Let z = -22 + i. Suppose -z*f = -4*k - 183, 2*k - 147 = -3*f - 24. Calculate the remainder when 155 is divided by f.
38
Let b(j) = -5*j**2 + 81*j - 66. Let i(h) = 22*h - 18. Let z be i(9). Suppose -z = -2*f - 2*f. Calculate the remainder when f is divided by b(15).
21
Let x(g) = 21*g**2 + 62*g - 2. What is the remainder when x(4) is divided by 57?
12
Let s(f) = f**3 + f**2 - 2*f + 1. Let v be s(1). Let x be (-9)/(-6) + v*(-47)/(-2). Suppose -4*c = -3*c - x. Calculate the remainder when c is divided by 7.
4
Suppose -358*w + 361*w - 2*x - 3083 = 0, w = -3*x + 1002. What is the remainder when w is divided by 77?
22
Suppose -q = 3*q - y - 5, -3*y = q + 15. Let v be 0 - q - (-6 - 18). Calculate the remainder when 58 is divided by v + 4/(-6)*6.
18
Suppose 0 = 11*s + 28*s - 195. Calculate the remainder when 839 is divided by s.
4
Let m = 26 + 135. Calculate the remainder when m is divided by (-17*4/16)/(-2*(-4)/(-64)).
25
Let s(p) = p**3 + 7*p**2 - 15. Suppose -5*o + o - 3*k = -291, 4*o - 286 = -2*k. Calculate the remainder when o is divided by s(-5).
34
Suppose -129*n = 62*n - 64749. What is the remainder when n is divided by 216?
123
Let u(w) = w**3 + 3*w**2 - w + 3. Suppose -9*s = 4*l - 237, l + 45 = s + 10. What is the remainder when u(4) is divided by s?
24
Let d = -83 - -113. Suppose d - 5 = 2*b + 5*r, -b + r + 2 = 0. Suppose s = 3*y - b*y + 17, -4*y + 56 = 4*s. What is the remainder when 74 is divided by s?
8
Suppose -6*a - 22 + 79 = -27. What is the remainder when 78 is divided by a?
8
Let b = 1757 - 1731. Calculate the remainder when 149 is divided by b.
19
What is the remainder when ((-60)/(-105))/(8/12796) is divided by 31?
15
Let x = 10 + 29. What is the remainder when (-6 + -6)/(x/14 - 3) is divided by 29?
27
Suppose 2*o = 9*o - 7. Let s be (0/(-2))/(1/o). Suppose 2*q = 2*b - 72, q - 4 = -s. What is the remainder when b is divided by 14?
12
Let b(k) = 3*k**2 + 13. Let p be b(3). Let y = p - 29. Suppose -r - 580 = -y*r. What is the remainder when r is divided by 30?
28
Let y = 16 - 8. What is the remainder when 0 + (-2)/(-59) - (-8380728)/246738 is divided by y?
2
Let b(h) = -3*h**2 + 87*h + 221. Calculate the remainder when 528 is divided by b(31).
3
Suppose 2*s + 1204 = 3*o, -7*s = o - 12*s - 410. Suppose 19*c - 35*c + o = 0. What is the remainder when 172 is divided by c?
22
Let b be (-2)/(-9) + (-4)/18. Let d be 14/21 + (2 - 4/(-3)). Suppose d*o + b = 184. Calculate the remainder when 136 is divided by o.
44
Suppose 4*k - 84 = 5*x + 17, k - 3*x = 20. Suppose 0 = 3*p + 23 - k. Suppose -z + 228 = 4*w, -w + 2*w = p*z + 57. What is the remainder when w is divided by 21?
15
Let x = 2190 + -2081. What is the remainder when x is divided by 41?
27
Suppose -78*m + 97*m = 15257. Calculate the remainder when m is divided by 270.
263
Suppose 0 = p - 2*v - 3133 - 447, -5*v = 4*p - 14255. What is the remainder when 137 is divided by (p/(-9))/17*(-6)/5?
25
Let i = 146 + -74. Suppose 0 = 23*m - 14*m - i. What is the remainder when 63 is divided by m?
7
Calculate the remainder when 388 + ((-4901)/(-78))/29 + (-2)/12 is divided by 99.
93
Suppose 4*o = -6*o + 180. Suppose o + 22 = 4*l. Calculate the remainder when 49 is divided by l.
9
Let v = 227 - 194. What is the remainder when (780/(-455))/((-6)/224) is divided by v?
31
Let m(f) = f**3 - 10*f**2 + 5*f + 39. Let i be m(9). Suppose -4*s = g - 146, 50 = -g - i*s + 191. Calculate the remainder when g is divided by 32.
30
Let j(q) = q**3 - 22*q**2 - 25*q + 62. Suppose 0 = -33*x + 38*x - 115. What is the remainder when 233 is divided by j(x)?
9
Let o be 21 + (0 - (0 - 0)). Let q be 0 + (-24)/3 + -3. Let m = q + o. What is the remainder when 29 is divided by m?
9
Let n be (-1 - -11) + -4 + 2/2. Suppose -354 = -n*y + 150. Let k = -43 + y. What is the remainder when k is divided by 8?
5
Let o(f) = -f**3 - f**2 + 4*f - 5. Suppose 4*y - 2*m = -8, 4*y + 15*m - 11*m = -32. What is the remainder when 213 is divided by o(y)?
24
What is the remainder when 218 - 1 - (-7 + 15 + -8) is divided by 107?
3
Let j(b) = 2*b**2 - 15*b - 2. Let v be j(8). Suppose v*p - 749 = -p. Calculate the remainder when p is divided by 23.
15
Let j = 64 - 84. Suppose 21 = -5*q + 126. Calculate the remainder when q is divided by 13 - (j/(-8))/(-5)*-2.
9
Let g = -24258 + 24410. What is the remainder when 2298 is divided by g?
18
Suppose 211*u - 32 = 210*u + 4*d, 0 = 3*d - 9. Calculate the remainder when 182 is divided by u.
6
Suppose 18*v + 24 = 21*v. Let p(n) = -3*n + 46. What is the remainder when ((-86)/(-6))/((-1)/(-3)) is divided by p(v)?
21
Suppose 5*q = 122 + 79 - 16. What is the remainder when 3032 is divided by q?
35
Let d be (-2)/(-6)*3 + (5 - 0). Let c be (3*-2)/((-5)/(26 - d)). Calculate the remainder when 23 is divided by c/10*20/8.
5
Let x = 4508 - 4491. Let g(l) = -l**3 + 7*l**2 + 8*l + 4. Let f be g(8). Suppose -b - f*b = -245. What is the remainder when b is divided by x?
15
Let